o and u?
49
Let t(f) = 82*f + 31. Let h be t(2). Let v(q) = -q**3 + 13*q**2 + 34*q - 7. Let w be v(14). What is the greatest common factor of h and w?
39
Let m be 2/(0 - (-16)/216). Calculate the greatest common factor of 1971 and m.
27
Suppose 3*n - 4*v + 58 = -0, 5*n + 3*v = -116. Let o = 146 - n. Calculate the highest common factor of o and 48.
24
Suppose 15*h - 3007 - 9038 = 0. Calculate the highest common factor of 11 and h.
11
Let m be 0/((-21)/(-3) - 2). Let n be ((-117)/(-6) - m) + 9/(-18). What is the highest common factor of 114 and n?
19
Let z be (-2)/((-8)/4)*2/2. Let c = 5 + z. What is the greatest common divisor of c and 102?
6
Let p be (176/(-6) + 6/18)/(-1). Suppose 3*l + 104 = q, 238 = 2*q + 4*l - 10. What is the highest common factor of q and p?
29
Let u(g) be the third derivative of g**6/120 - 7*g**5/60 - 3*g**4/8 + 14*g**3/3 - 5*g**2 - 7. Let l be u(8). Calculate the greatest common factor of 320 and l.
20
Let k(i) = -3*i - 15. Let x be k(-5). Suppose -3*w + x*w = -w. Suppose w = 74*n - 75*n + 30. Calculate the highest common divisor of 40 and n.
10
Suppose -27811 - 23922 - 11027 = -1046*c. Suppose -10 = 7*u - 2*u, -3*f + 3*u = -456. Calculate the greatest common divisor of f and c.
30
Suppose -a = 3*d - 10, -a + d = 1 + 1. Let s be 9 + -2 - (a + -3). Suppose 507*c = -1057 + 10183. What is the greatest common divisor of s and c?
9
Let x(n) = 151*n - 7167. Let b be x(57). Calculate the highest common divisor of b and 512.
32
Let p(g) = -21*g + 85. Let q be p(4). Let r be (-2 + q)/(-1) + 7 + 22. Calculate the greatest common factor of r and 12.
6
Let q = 135 + -71. Let s be (-16)/(((-2)/(-4))/((-252)/112)). What is the greatest common divisor of q and s?
8
Suppose -2*j + 50*j - 10340 = j. What is the greatest common factor of j and 60?
20
Suppose 2*i - 13 = 1, 7*i + 92586 = 5*t. What is the greatest common divisor of 191 and t?
191
Let t be (0 + 1 - -110) + (-16)/(-4). Suppose -600 = -5*j + t. Let g = 3 - -10. Calculate the highest common divisor of j and g.
13
Let t be 12/(24*9/72). What is the highest common divisor of 724 and t?
4
Let x(q) = -23*q + 16 + 9*q + 11*q. Let d be x(4). Calculate the highest common divisor of d and 100.
4
Let u(i) = -14*i + 104. Suppose -5*p + 15 = -4*g, -p + 4*g + 0 = 13. Let o be u(p). Calculate the highest common divisor of 162 and o.
6
Let t = 2125 - 2071. Let d = 145 + -55. Let a = d - t. What is the highest common factor of a and 54?
18
Suppose -4*c + 707*d + 1218 = 709*d, 4*d - 588 = -2*c. Calculate the highest common factor of c and 84.
28
Let x(i) = i**3 + 2*i**2 - 14*i - 19. Let l be x(-4). Suppose -175 = -2*g + l*z, -2*z + 268 = 4*g - 22. Calculate the highest common factor of 30 and g.
15
Suppose 45*y - 37*y = 0. Let v be (21 - 21) + -30*(y - 1). Calculate the greatest common factor of 330 and v.
30
Let p(f) = f**3 + 11*f**2 - 16*f - 38. Let b be -13 - -15 - (-4)/6*-21. Let j be p(b). Calculate the highest common divisor of j and 160.
10
Let s = 29 + -12. Let j(t) = -t**3 - 77*t**2 + 11*t + 898. Let d be j(-77). What is the greatest common factor of d and s?
17
Suppose -3*k = 32*k + 152672 - 1355762. What is the greatest common divisor of 102 and k?
102
Suppose -1119 = -25*q + 56. Let z = -27 + q. Calculate the highest common factor of 8 and z.
4
Let t = -2065 - -2066. What is the greatest common factor of t and 311?
1
Suppose 1065*j - 1062*j = 375. Calculate the greatest common factor of j and 975.
25
Let b be (46/5)/(53/2650). What is the highest common factor of b and 3128?
92
Suppose 109 = 5*p + o, p = 3*p - 4*o - 48. Suppose 6*a + 374 = 28*a. Suppose -a*v + 24 + 350 = 0. What is the highest common divisor of p and v?
22
Let b = -5 + 141. Let d be -60 + 158 - (-8)/2. Calculate the greatest common divisor of d and b.
34
Let r(y) = 11*y + 15. Let s be r(-3). Let j be (-105)/(-945) - (-1)/(s/(-1564)). Calculate the highest common divisor of j and 58.
29
Suppose -374 = 5*d + 2*u - 716, 0 = 4*d + 5*u - 260. Suppose -10*z + 8*z = -120. What is the highest common divisor of d and z?
10
Suppose -3*d = 5*x - 413 - 540, d - 311 = -5*x. What is the greatest common factor of 856 and d?
107
Let o be (-10 + 520/55)*22 - -76. Let k be (2 - (0 + 0)) + 158. Calculate the greatest common factor of k and o.
32
Suppose -21*q - 24 = -25*q. Let j be q/((5/25 - 0)*10). What is the highest common factor of 81 and j?
3
Let q be 1/(-18)*4 - (-6)/27. Suppose q = -2*f + s + 37, 3*s - 8 = -2*f + f. Calculate the highest common divisor of f and 17.
17
Let l(i) = -15*i + 389. Let j be l(19). Calculate the highest common divisor of j and 910.
26
Suppose 4*d + 5*a - 3864 = 0, 4*d + 7*a = 5*a + 3852. What is the highest common divisor of 155 and d?
31
Suppose 129815 = 352*r + 333*r + 12680. Let w be ((-76)/(-2))/((-2)/(-2)). What is the highest common divisor of w and r?
19
Let m(p) = 3 - 12 - 22 - 83*p - 7 + 66*p. Let x be m(-4). Suppose 18 = a - 27. Calculate the greatest common divisor of a and x.
15
Let z = -99301 + 99334. Suppose 5*g = 5*c + 305, -3*g - c = -5*g + 127. Calculate the greatest common factor of z and g.
33
Let t be (8 - -7)*(24/9 - 2). Suppose 2610 = -m + t*m. Calculate the greatest common divisor of m and 10.
10
Suppose -15*o + n = -12*o - 1320, 3*o - 1308 = 5*n. Calculate the greatest common factor of o and 6.
3
Let s(p) = 24*p + 30. Let w be s(24). Let c = 1218 - w. Calculate the greatest common divisor of c and 36.
36
Let p = 307 + -314. Suppose j - 5*j = 72. Let y = p - j. What is the highest common factor of y and 121?
11
Let j(q) = -5*q + 16 + 16*q - 6*q - 4*q. Let v be j(-10). Let g be (-6)/(-5)*1*20/v. What is the greatest common factor of g and 4?
4
Let v be (1 - (2 - 3))/2. Let r be (-1038)/(-15)*(v - -9). Suppose -4*s + s + u = -r, 5*s = u + 1154. Calculate the greatest common divisor of s and 33.
33
Let z be (6/(-2))/((-19)/(380/12)). Suppose 12 = 3*r - 0, 0 = 3*x + z*r - 86. What is the highest common factor of 55 and x?
11
Let z = -159 + 315. Let s(f) = f**2 - f + 6. Let c be s(6). Calculate the greatest common divisor of z and c.
12
Suppose 5*b - 1156 = -4*a - 397, -3*b = -a - 435. What is the greatest common factor of 1813 and b?
49
Let q = 5043 + -5008. What is the greatest common divisor of q and 11585?
35
Let u(y) = -35*y - 630. Let x be u(-19). Let o be 4/26 + (-3972)/(-39) - 2. What is the highest common factor of o and x?
5
Let q = -25 - -139. Let i = q + -103. What is the highest common factor of i and 231?
11
Let v be 2455/9 - 54/(-243). Suppose 0 = -5*y - 713 + 818. Calculate the highest common factor of v and y.
21
Let k be (215 - (3 - 0))/((-92)/(-322)). Calculate the greatest common divisor of k and 318.
106
Suppose 5*c - 92 = -3*a - 723, -4*c = a + 208. Let v = a - -221. Let z = 82 + 17. What is the highest common divisor of v and z?
9
Let c(n) = -3*n**2 + 79*n + 78. Let q be c(26). Let v = -43 + 56. Calculate the greatest common divisor of q and v.
13
Suppose -35*b + 14*b + 15*b + 450 = 0. Calculate the highest common divisor of b and 55.
5
Suppose -575 = -3*o + 505. Suppose -29*s + 38*s - o = 0. Calculate the highest common factor of s and 16.
8
Suppose -214 = -2*d - 4*i, 201*d - 206*d - 3*i + 570 = 0. Suppose -2*o + 5*v + 73 = 0, 2*o + 0*o - 81 = -3*v. Calculate the highest common factor of d and o.
39
Let r(q) = q**3 + 5*q**2 - 2*q - 1. Let p be r(-5). Let s = -5404 - -5422. What is the greatest common divisor of p and s?
9
Let u(x) = x**3 - 7*x**2 + 8*x + 2. Let m be u(8). Suppose 6*q = 8*q + m. Let t be 1 - 37105/q - 2/(-13). Calculate the greatest common divisor of t and 52.
52
Let j(t) = 0 - 48*t - 13*t + 3. Suppose 3*k = 4*g - k + 28, -2*g + 3*k - 16 = 0. Let c be j(g). What is the greatest common factor of c and 28?
28
Let h(a) = -7*a + 171. Let t(y) = y**3 + 12*y**2 - 65*y + 3. Let c be t(-16). Let p be h(c). Calculate the highest common factor of 114 and p.
38
Let f be 1/(-3)*(8 - -1). Let b be (-2 - 48/(-5))/(f/(-75)). Let l = b - 99. What is the greatest common factor of 13 and l?
13
Let l(z) = z**3 + 4*z**2 + 6*z + 29. Let n be l(-4). Suppose -3*r + 301 = 5*c, c = -n*r + 538 - 73. Calculate the greatest common factor of r and 115.
23
Let x = -12245 - -12314. Suppose v = 8 - 5. What is the greatest common divisor of v and x?
3
Let n be (9/(207/(-